2 + 6*w + 6. Let q(g) = 4*g**2 + 6*g + 6. Let l(k) = 5*c(k) - 6*q(k). Let a be (-20)/25*15/2. Let j be 30/4*(-4)/a. Determine l(j).
-11
Let n(m) be the third derivative of -m**6/20 - m**5/60 - m**4/24 + 7*m**2. Give n(-1).
6
Let f(r) = 9*r - 13. Let i(d) = -5*d + 7. Let w(n) = 6*f(n) + 11*i(n). Let t(q) = q + 8. Let x(h) = t(h) + 2*w(h). Calculate x(6).
0
Let r(w) = -w**2 - 2*w + 1. Let u be r(1). Let q(d) = 2*d**3 - d**3 - 9*d + 8*d. Calculate q(u).
-6
Let x(b) = -9*b**3 - b. Let y be x(-1). Suppose -2*f = -4*f + 2*u - y, -u = 2*f + 1. Let z(k) = -4*k**2 + 0*k**2 + k**2 - 3*k. Calculate z(f).
-6
Let z be -4*1/(-4)*-3. Let q(h) be the third derivative of h**5/60 + h**4/24 + h**3/3 + 19*h**2. Calculate q(z).
8
Let x(t) = 7*t**2 - t. Let m(f) = 8*f**2 + 4 - 5 + 2 - f**3. Let n be m(8). Give x(n).
6
Let p = 1 - -4. Let i(c) = c - 7. Calculate i(p).
-2
Let j(f) = f**2 - f + 1. Suppose 3*s = -0*s - 9. Calculate j(s).
13
Let h(m) = -m**2 - 10*m - 1. Suppose 0 = -f - 13 + 4. Calculate h(f).
8
Let r(u) = 3*u**2 - 54 + 27 - 2*u**3 + 31 + 3*u**3. What is r(-3)?
4
Let p(k) be the first derivative of k**4/12 + 5*k**3/6 - 7*k + 7. Let z(w) be the first derivative of p(w). What is z(-6)?
6
Let r(j) = -3*j**2 - 3*j + 5*j + j**3 + 2 - 1 - 4*j. What is r(3)?
-5
Let z(t) = 1 + 8 + 8 + t - 12. Determine z(0).
5
Let k(u) be the second derivative of u + 1/12*u**4 + 0 + 0*u**3 - 3/2*u**2. Calculate k(-3).
6
Suppose -14 = -o - 3*j, 5*j + 8 - 28 = -o. Suppose a = -o + 2. Let p(z) = -z**2 + 2*z + 3. Let x(h) = -h**2 + h + 3. Let g(f) = -3*p(f) + 4*x(f). Give g(a).
0
Let i be (-8)/(-4) - (-4)/(-4). Let z be (0 - i)/(3/12). Let w(v) = v**2 + 4*v + 6. Determine w(z).
6
Suppose -3*x = 1 - 13. Let b(k) = k**3 + x - 2*k**2 + k**3 + 3*k**2 - k**3. Give b(0).
4
Let w(t) = -t**3 + 6*t**2 - 5*t - 7. Let s(q) = q**2 - q - 2. Let l be (3/4)/(7/28). Let k be s(l). Suppose -2*h + 5*m - 6 = m, k*h = m + 16. Determine w(h).
-7
Suppose -3*z + 4 = 4*w + 1, 4*z - 3 = -5*w. Let i(l) be the second derivative of l**3/2 - 2*l**2 - 16*l. Calculate i(w).
5
Let m be -1 - (1/(-1) + 1). Let b = m - -1. Let w(l) = -12 + l**2 + 0*l - 10 + 21 + l. Determine w(b).
-1
Let i = 19 - 20. Let c(t) = -9*t - 5. Let f(q) = 4*q + 2. Let v(r) = -3*c(r) - 7*f(r). Calculate v(i).
2
Let f(z) be the second derivative of -z**5/20 - 7*z**4/12 - z**3/6 - 3*z**2 + 59*z. Give f(-7).
1
Let a(o) = 1 - 4 - 11*o**2 + o**3 + 0*o**3. Give a(11).
-3
Suppose 5*o + y + 1 = -30, 2*o - y = -11. Let d be (o/4*4)/1. Let v(j) be the third derivative of -j**6/120 - j**5/10 - j**4/24 - 2*j**3/3 + 62*j**2. Give v(d).
2
Let g(m) = -23*m + 12*m + 12*m - 1. What is g(1)?
0
Let f(z) = z**3 - 6*z**2 - 11*z + 1. Let x(j) = j - 1. Let d(h) = f(h) + 3*x(h). What is d(7)?
-9
Let s(y) be the third derivative of 1/12*y**4 + 0 - 3*y**2 - 2/3*y**3 + 0*y. What is s(-3)?
-10
Let l = -12 - -27. Suppose 5*n + 0 - l = 0. Suppose -14 = -3*q - 2*c, -3*q + 4*q = -n*c + 14. Let g(y) = -y**2 + y - 1. Calculate g(q).
-3
Let b(o) = -o**3 + 4*o**2 - o - 3. Let f be b(3). Suppose f = k - 0*k. Let w(n) = k + 0*n**2 + n + 0*n**2 + n**2. Determine w(0).
3
Let r(t) = t**3 + 8*t**2 - 10*t + 4. Let w be r(-9). Suppose 4*h = w + 11. Let k(n) = n**3 - 5*n**2 - 7*n - 5. Give k(h).
-11
Let d be 6/(-21) + 80/(-14). Let u(s) = -s**2 - 4*s + 6. Determine u(d).
-6
Suppose 0 = -2*z + 5*z - 6. Suppose -2*l = h - 18, 26 - 10 = z*l + 2*h. Suppose -r = 3*m + m - 19, -2*r + l = m. Let y(x) = -3*x + 3. Determine y(r).
-6
Let y(b) = -2*b - 24. Let m be y(-7). Let z(c) = -c - 6. Calculate z(m).
4
Let b(m) = m**2 + m - 3. Let p = -16 - -16. Let y be b(p). Let r(i) be the second derivative of i**4/12 + i**3/3 - 3*i**2/2 + i. What is r(y)?
0
Let o = -9 - -12. Let v(u) = u**2 - 2*u. What is v(o)?
3
Let f be (6/(-4))/((-3)/10). Let m(k) = 2*k - 3. What is m(f)?
7
Let q(c) = c**2 + 3*c + 2. Let a(i) = -i + 2. Let k be a(5). Let z(r) = r**3 + 3*r**2 - r + 2. Let p be z(k). Let s = 2 - p. Calculate q(s).
2
Let b(t) = -t**3 - 4*t**2 + 2*t - 11. Let c be b(-5). Let v(y) = 6*y - 85*y**3 - 1 - c*y**2 + 84*y**3 + 0. What is v(-5)?
-6
Let m(x) be the third derivative of -7*x**5/60 + x**4/24 - 10*x**2. Calculate m(1).
-6
Suppose -5*z + 3*s = -16, -5*s = -5*z + 6 + 4. Suppose 0*q - 5*q + z = 0. Let t(u) = -3*u + u - 9*u + 4*u. Calculate t(q).
-7
Let t(p) = -p**2 - 4*p - 5. Let l(u) = u**2 + 7*u + 6. Let o be l(-5). What is t(o)?
-5
Let x(u) be the first derivative of u**3/3 + 7*u**2/2 - 9*u - 55. Give x(-7).
-9
Let m = 33 - 11. Suppose -2*i = -m - 28. Suppose 2*c - 7*c + i = 0. Let v(l) = -l. What is v(c)?
-5
Let m(j) be the second derivative of j**3/6 + 4*j. Determine m(2).
2
Let r(f) be the first derivative of 1/4*f**4 - 4/3*f**3 + 3/2*f**2 - f + 6. Calculate r(3).
-1
Let v(g) be the first derivative of -g**5/20 - 5*g**4/12 - 2*g**3/3 - 2*g**2 - g + 11. Let j(c) be the first derivative of v(c). Give j(-4).
-4
Let f(q) = q**3 + q**2 - q - 1. Let t(v) = 2 + 4 - 6*v**3 + 0*v**3 - v. Suppose 3*c + 25 = 8*c. Let b(y) = c*f(y) + t(y). Calculate b(4).
-7
Let t(n) = n**3 + 4. Let g be -8*((-5)/2)/(-5). Let o = 4 + g. Calculate t(o).
4
Let x be 1 + (-3 - 0/(-1)). Let o = 5 + x. Let c(k) = 6*k**2 + 2 - 10*k**2 - o. Calculate c(1).
-5
Let z(f) = f**3 - 10*f**2 + 4. Let l be z(10). Suppose 3*m + 0*m - 3 = 2*q, 0 = l*q - m + 21. Let y(w) = w**2 + 7*w. Calculate y(q).
-6
Let a(n) = 8 - 26*n + n**2 + 2 + 15*n. What is a(10)?
0
Let o(l) = 3*l + 4. Let n(c) = c**2 - 4*c. Let r be n(3). Determine o(r).
-5
Let q(f) = f**3 + 5 - 4 + 3 - 2 + f**2. Calculate q(-2).
-2
Let a be 303/(-27) + 9/((-324)/(-8)). Let p(n) = n + 9. Determine p(a).
-2
Let b(c) = -c. Let p be b(1). Let o(f) = -f + 1. Let g(j) = j - 1. Let v(z) = p*g(z) - 2*o(z). Determine v(-2).
-3
Let y(c) = c**3 - 2*c**2 - c + 5. Let i(a) = -a**3 + a**2 + 2*a - 5. Let k(b) = -4*i(b) - 5*y(b). Give k(5).
5
Let g = 29 - 30. Let q(u) = -25*u**2 - 7*u - 2. Let f(k) = 12*k**2 + 3*k + 1. Let y(l) = 5*f(l) + 2*q(l). Calculate y(g).
10
Suppose -39 + 35 = -2*z. Let l(j) = j**3 - 2*j**2 - 2. What is l(z)?
-2
Let q be -2 + 3 - 4/4. Let a(h) = h + q*h - 1 - 4*h + 2*h. Let c be a(-4). Let o(s) = s + 3. Give o(c).
6
Let x(r) = -4*r + 2. Let s(m) = 5*m - 1. Let y(b) = 5*s(b) + 6*x(b). Give y(-6).
1
Let m(n) = -1 - 2 + n**2 - 4*n + 0*n. Let o(b) = 3*b**2. Let z be o(1). Suppose -z*d + 2*d + 9 = 4*f, d + f - 6 = 0. Determine m(d).
2
Let a = 16 + -11. Let r(v) = -3*v + 8*v + a*v**2 - 4*v. Give r(-1).
4
Let y be (-1)/1 + 10/2. Let a(j) be the third derivative of j**5/60 - j**4/4 + 2*j**3/3 + 37*j**2. Determine a(y).
-4
Suppose 48 = -3*r + 9*r. Let u(b) = -b**3 + 7*b**2 + 11*b - 12. What is u(r)?
12
Let c be (-5)/(-15) - (-4)/6. Let p(a) = 8*a - 15*a + 10*a + c. Determine p(-1).
-2
Let m(n) = n**3 + 3*n**2 - 2*n + 4. Let c be -2 - ((-6)/2 + 5). Calculate m(c).
-4
Let v(c) = c**3 + c**2 - c - 1. Let q(m) = -m**3 + 3*m + 2. Let t(u) = -q(u) - 2*v(u). Give t(-1).
0
Let y be -1 - 4/8*-22. Suppose 4*c - 22 + y = 0. Let m(a) = a. What is m(c)?
3
Let o(r) = -r**3 - 3*r**2 - 3*r - 3. Suppose 4*n = 5*n. Let x = n - 2. What is o(x)?
-1
Let h(z) be the third derivative of 0*z**3 - 1/60*z**5 + 3*z**2 + 0*z + 0*z**4 + 1/20*z**6 + 0. What is h(-1)?
-7
Let m(t) = 3*t. Let l(r) = r**2 - 6*r + 2. Suppose 0 = 4*a - 5*o - 9, 3*a + 0*a = 4*o + 6. Let j be l(a). Calculate m(j).
6
Suppose -f - 2 + 4 = 0. Let d be f - (1 + 0) - 11. Let g be 4/d + 8/(-5). Let u(i) = -i**2 - 2*i - 1. Give u(g).
-1
Suppose -2*j + 0*j + 4*p = 4, 0 = -5*j - p + 34. Let f(s) = 5*s**2 + 8*s. Let x(b) = -4*b**2 - 8*b. Let v(w) = -5*f(w) - 6*x(w). What is v(j)?
12
Let y(o) = -o**2 + 2*o + 7. Let j(r) = -r - 7. Let g be j(-7). Suppose i + 0 = 4*h + 1, -2*i - h + 11 = g. Calculate y(i).
-8
Suppose 10 - 13 = -n. Let p(l) = -l**3 + 5*l**2 - 3*l - 1. Give p(n).
8
Let l = -9 + 12. Let d = 14 - l. Let w(s) = -8*s**2 - 15*s - 23. Let i(f) = -3*f**2 - 5*f - 8. Let k(c) = d*i(c) - 4*w(c). Determine k(5).
4
Let w(z) = -z + 1. Let b(l) = 5*l - 6. Let u(v) = -b(v) - 6*w(v). Let q(m) = m**2 - 4*m. Let x(d) = q(d) + 3*u(d). Let k = -2 + 1. What is x(k)?
2
Let w = 63 + -29. Suppose 4*h = -4*x + 8, 4*h - 2*x - w - 4 = 0. Let m(g) = g - 15. Calculate m(h).
-8
Let j(g) be the second derivative of -g**4/6 + g**3/6 - g**2 - 6*g. Suppose 5*a - 2